{"id":261,"date":"2022-11-19T15:03:16","date_gmt":"2022-11-19T14:03:16","guid":{"rendered":"https:\/\/www.ourlifeschool.org\/?page_id=261"},"modified":"2025-10-04T16:25:48","modified_gmt":"2025-10-04T14:25:48","slug":"miriam-frey","status":"publish","type":"page","link":"https:\/\/www.ourlifeschool.org\/de\/mentors\/miriam-frey\/","title":{"rendered":"Miriam Frey, Z\u00fcrich"},"content":{"rendered":"<p><figure id=\"attachment_260\" aria-describedby=\"caption-attachment-260\" style=\"width: 228px\" class=\"wp-caption alignright\"><img loading=\"lazy\" decoding=\"async\" class=\"alignright size-medium wp-image-260\" src=\"https:\/\/www.ourlifeschool.org\/wp-content\/uploads\/sites\/9\/2022\/11\/IMG_0479-228x300.jpg\" alt=\"Miriam Frey\" width=\"228\" height=\"300\" srcset=\"https:\/\/www.ourlifeschool.org\/wp-content\/uploads\/sites\/9\/2022\/11\/IMG_0479-228x300.jpg 228w, https:\/\/www.ourlifeschool.org\/wp-content\/uploads\/sites\/9\/2022\/11\/IMG_0479.jpg 750w\" sizes=\"auto, (max-width: 228px) 100vw, 228px\" \/><figcaption id=\"caption-attachment-260\" class=\"wp-caption-text\"><a href=\"https:\/\/www.miriamfrey.com\" target=\"_blank\" rel=\"noopener\">www.miriamfrey.com<\/a><\/figcaption><\/figure><\/p>\n<p>Ich bin im Sternzeichen Sch\u00fctze im Jahr 1969 geboren und wuchs zusammen mit meiner Zwillingsschwester auf. Meine Jugendzeit war gepr\u00e4gt durch eine Essst\u00f6rung, welche ich aus eigener Kraft und mit meinem Willen zur Ver\u00e4nderung, \u00fcberwinden konnte.<\/p>\n<p>Mein beruflicher Weg f\u00fchrte mich w\u00e4hrend 30 Jahren in verschiedene Unternehmen und Branchen. Davon habe ich 16 Jahre f\u00fcr eine Grossbank gearbeitet. Als Ausgleich und Freude unterrichte ich seit ebenfalls 30 Jahren Tanz, Aerobic, Fitness, Functional Workout, Antara. Ich weiss, was es heisst, unter Leistungsdruck zu stehen und zu performen, Familie und Beruf sowie weitere freiwilligen Engagements f\u00fcr die Allgemeinheit zu managen.<\/p>\n<p>Im Zuge meiner Ersch\u00f6pfungsdepression begann ich tiefste innere Arbeit zu leisten, mich wieder daran zu erinnern, wer ich bin, was ich m\u00f6chte und was ich nicht mehr m\u00f6chte. Mein Weg wurde eine spirituelle Reise und f\u00fchrte mich zum ganzheitlichen, spirituellen Coaching, zu Energiearbeit, Schema- und Paararbeit, Breathwork sowie zur Hypnosetherapie. Ich habe selbst erlebt, wie die Arbeit mit dem Unterbewusstsein wirkt und gleichzeitig darin meine Seelenberufung gefunden.<\/p>\n<p>Heute bin ich professionell ausgebildet in Holistic Coaching, als spirituelle Mentoring &amp; Coach und Hypnose nach OMNI, NGH und Mitglied beim Schweizer Berufsverband der Hypnosetherapeuten sowie bei der National Guild of Hypnosis USA, als Master of Reiki und Breathwork Facilitator. Ich habe mich darauf spezialisiert, mit dem Unterbewusstsein zu arbeiten. Nachhaltige Ver\u00e4nderung geschieht im Unterbewusstsein.<\/p>\n<p><strong>Meine Mission<\/strong> ist es, Dir zu zeigen, dass Du dich genauso energetisch verwandeln kannst, wie ich. Ich gehe nach vorne mit meiner eigenen Verwandlung und leuchte Dir deinen Weg. Ich m\u00f6chte Dich in deiner Selbstwirksamkeit st\u00e4rken, dich zum Wachsen bringen, dir den Raum \u00f6ffnen, damit Du deine Blockaden und Herausforderungen \u00fcberwinden kannst. Du darfst \u00c4ngste und Zweifel als deinen Antrieb erkennen, welcher dich in eine unglaubliche Energie der Transformation versetzt. Mit dieser neu erlebten Energie wirst Du deine Visionen und Tr\u00e4ume manifestieren. Alles ist in dir drin und wartet darauf, wieder entdeckt zu werden.<\/p>","protected":false},"excerpt":{"rendered":"<p>Ich bin im Sternzeichen Sch\u00fctze im Jahr 1969 geboren und wuchs zusammen mit meiner Zwillingsschwester auf. Meine Jugendzeit war gepr\u00e4gt durch eine Essst\u00f6rung, welche ich aus eigener Kraft und mit meinem Willen zur Ver\u00e4nderung, \u00fcberwinden konnte. Mein beruflicher Weg f\u00fchrte mich w\u00e4hrend 30 Jahren in verschiedene Unternehmen und Branchen. Davon habe ich 16 Jahre f\u00fcr&#8230;<\/p>\n<p><span class=\"mina-olen-read-more\"><a href=\"https:\/\/www.ourlifeschool.org\/de\/mentors\/miriam-frey\/\" class=\"more-link\">Read more <span class=\"screen-reader-text\">Miriam Frey, Z\u00fcrich<\/span><\/a><\/span><\/p>\n","protected":false},"author":1,"featured_media":0,"parent":71,"menu_order":9,"comment_status":"closed","ping_status":"closed","template":"","meta":{"footnotes":""},"class_list":["entry","author-webmaster","post-261","page","type-page","status-publish"],"_links":{"self":[{"href":"https:\/\/www.ourlifeschool.org\/de\/wp-json\/wp\/v2\/pages\/261","targetHints":{"allow":["GET"]}}],"collection":[{"href":"https:\/\/www.ourlifeschool.org\/de\/wp-json\/wp\/v2\/pages"}],"about":[{"href":"https:\/\/www.ourlifeschool.org\/de\/wp-json\/wp\/v2\/types\/page"}],"author":[{"embeddable":true,"href":"https:\/\/www.ourlifeschool.org\/de\/wp-json\/wp\/v2\/users\/1"}],"replies":[{"embeddable":true,"href":"https:\/\/www.ourlifeschool.org\/de\/wp-json\/wp\/v2\/comments?post=261"}],"version-history":[{"count":3,"href":"https:\/\/www.ourlifeschool.org\/de\/wp-json\/wp\/v2\/pages\/261\/revisions"}],"predecessor-version":[{"id":410,"href":"https:\/\/www.ourlifeschool.org\/de\/wp-json\/wp\/v2\/pages\/261\/revisions\/410"}],"up":[{"embeddable":true,"href":"https:\/\/www.ourlifeschool.org\/de\/wp-json\/wp\/v2\/pages\/71"}],"wp:attachment":[{"href":"https:\/\/www.ourlifeschool.org\/de\/wp-json\/wp\/v2\/media?parent=261"}],"curies":[{"name":"wp","href":"https:\/\/api.w.org\/{rel}","templated":true}]}}

Miriam Frey, Zürich

<p><figure id="attachment_260" aria-describedby="caption-attachment-260" style="width: 228px" class="wp-caption alignright"><img loading="lazy" decoding="async" class="alignright size-medium wp-image-260" src="https://www.ourlifeschool.org/wp-content/uploads/sites/9/2022/11/IMG_0479-228x300.jpg" alt="Miriam Frey" width="228" height="300" srcset="https://www.ourlifeschool.org/wp-content/uploads/sites/9/2022/11/IMG_0479-228x300.jpg 228w, https://www.ourlifeschool.org/wp-content/uploads/sites/9/2022/11/IMG_0479.jpg 750w" sizes="auto, (max-width: 228px) 100vw, 228px" /><figcaption id="caption-attachment-260" class="wp-caption-text"><a href="https://www.miriamfrey.com" target="_blank" rel="noopener">www.miriamfrey.com</a></figcaption></figure></p>
<p>Ich bin im Sternzeichen Schütze im Jahr 1969 geboren und wuchs zusammen mit meiner Zwillingsschwester auf. Meine Jugendzeit war geprägt durch eine Essstörung, welche ich aus eigener Kraft und mit meinem Willen zur Veränderung, überwinden konnte.</p>
<p>Mein beruflicher Weg führte mich während 30 Jahren in verschiedene Unternehmen und Branchen. Davon habe ich 16 Jahre für eine Grossbank gearbeitet. Als Ausgleich und Freude unterrichte ich seit ebenfalls 30 Jahren Tanz, Aerobic, Fitness, Functional Workout, Antara. Ich weiss, was es heisst, unter Leistungsdruck zu stehen und zu performen, Familie und Beruf sowie weitere freiwilligen Engagements für die Allgemeinheit zu managen.</p>
<p>Im Zuge meiner Erschöpfungsdepression begann ich tiefste innere Arbeit zu leisten, mich wieder daran zu erinnern, wer ich bin, was ich möchte und was ich nicht mehr möchte. Mein Weg wurde eine spirituelle Reise und führte mich zum ganzheitlichen, spirituellen Coaching, zu Energiearbeit, Schema- und Paararbeit, Breathwork sowie zur Hypnosetherapie. Ich habe selbst erlebt, wie die Arbeit mit dem Unterbewusstsein wirkt und gleichzeitig darin meine Seelenberufung gefunden.</p>
<p>Heute bin ich professionell ausgebildet in Holistic Coaching, als spirituelle Mentoring &amp; Coach und Hypnose nach OMNI, NGH und Mitglied beim Schweizer Berufsverband der Hypnosetherapeuten sowie bei der National Guild of Hypnosis USA, als Master of Reiki und Breathwork Facilitator. Ich habe mich darauf spezialisiert, mit dem Unterbewusstsein zu arbeiten. Nachhaltige Veränderung geschieht im Unterbewusstsein.</p>
<p><strong>Meine Mission</strong> ist es, Dir zu zeigen, dass Du dich genauso energetisch verwandeln kannst, wie ich. Ich gehe nach vorne mit meiner eigenen Verwandlung und leuchte Dir deinen Weg. Ich möchte Dich in deiner Selbstwirksamkeit stärken, dich zum Wachsen bringen, dir den Raum öffnen, damit Du deine Blockaden und Herausforderungen überwinden kannst. Du darfst Ängste und Zweifel als deinen Antrieb erkennen, welcher dich in eine unglaubliche Energie der Transformation versetzt. Mit dieser neu erlebten Energie wirst Du deine Visionen und Träume manifestieren. Alles ist in dir drin und wartet darauf, wieder entdeckt zu werden.</p>

<p>Ich bin im Sternzeichen Schütze im Jahr 1969 geboren und wuchs zusammen mit meiner Zwillingsschwester auf. Meine Jugendzeit war geprägt durch eine Essstörung, welche ich aus eigener Kraft und mit meinem Willen zur Veränderung, überwinden konnte. Mein beruflicher Weg führte mich während 30 Jahren in verschiedene Unternehmen und Branchen. Davon habe ich 16 Jahre für&#8230;</p>
<p><span class="mina-olen-read-more"><a href="https://www.ourlifeschool.org/de/mentors/miriam-frey/" class="more-link">Read more <span class="screen-reader-text">Miriam Frey, Zürich</span></a></span></p>
